{"id":87,"date":"2017-11-25T23:40:57","date_gmt":"2017-11-25T23:40:57","guid":{"rendered":"https:\/\/backup.tms-lohnbetrieb.de\/index.php\/baggerarbeiten\/"},"modified":"2025-02-25T20:38:22","modified_gmt":"2025-02-25T19:38:22","slug":"baggerarbeiten","status":"publish","type":"page","link":"https:\/\/tms-lohnbetrieb.de\/index.php\/baggerarbeiten\/","title":{"rendered":"Baggerarbeiten"},"content":{"rendered":"<p>[et_pb_section fb_built=&#8220;1&#8243; _builder_version=&#8220;4.16&#8243; global_colors_info=&#8220;{}&#8220;][et_pb_row _builder_version=&#8220;4.16&#8243; global_colors_info=&#8220;{}&#8220;][et_pb_column type=&#8220;4_4&#8243; _builder_version=&#8220;4.16&#8243; global_colors_info=&#8220;{}&#8220;][et_pb_slider _builder_version=&#8220;4.16&#8243; background_color=&#8220;#44580e&#8220; min_height=&#8220;824px&#8220; auto=&#8220;on&#8220; global_colors_info=&#8220;{}&#8220;][et_pb_slide _builder_version=&#8220;4.16&#8243; background_image=&#8220;https:\/\/tms-lohnbetrieb.de\/wp-content\/uploads\/2020\/06\/images_SIAG4157-1.jpg&#8220; background_enable_image=&#8220;on&#8220; global_colors_info=&#8220;{}&#8220; sticky_transition=&#8220;on&#8220;][\/et_pb_slide][et_pb_slide _builder_version=&#8220;4.16&#8243; background_image=&#8220;https:\/\/tms-lohnbetrieb.de\/wp-content\/uploads\/2020\/06\/Liebherr.png&#8220; background_enable_image=&#8220;on&#8220; global_colors_info=&#8220;{}&#8220; sticky_transition=&#8220;on&#8220;][\/et_pb_slide][et_pb_slide _builder_version=&#8220;4.16&#8243; background_image=&#8220;https:\/\/tms-lohnbetrieb.de\/wp-content\/uploads\/2020\/06\/8eab48f6-7490-47af-95f3-766d738d4df1.jpg&#8220; background_enable_image=&#8220;on&#8220; global_colors_info=&#8220;{}&#8220; sticky_transition=&#8220;on&#8220;][\/et_pb_slide][\/et_pb_slider][\/et_pb_column][\/et_pb_row][et_pb_row column_structure=&#8220;1_3,1_3,1_3&#8243; _builder_version=&#8220;4.16&#8243; global_colors_info=&#8220;{}&#8220;][et_pb_column type=&#8220;1_3&#8243; _builder_version=&#8220;4.16&#8243; global_colors_info=&#8220;{}&#8220;][et_pb_slider _builder_version=&#8220;4.16&#8243; width=&#8220;100%&#8220; min_height=&#8220;464px&#8220; custom_margin=&#8220;|-68px||||&#8220; auto=&#8220;on&#8220; global_colors_info=&#8220;{}&#8220;][et_pb_slide _builder_version=&#8220;4.16&#8243; background_image=&#8220;https:\/\/tms-lohnbetrieb.de\/wp-content\/uploads\/2020\/06\/images_DIFW3685.jpg&#8220; background_enable_image=&#8220;on&#8220; global_colors_info=&#8220;{}&#8220; sticky_transition=&#8220;on&#8220;][\/et_pb_slide][et_pb_slide _builder_version=&#8220;4.16&#8243; background_image=&#8220;https:\/\/tms-lohnbetrieb.de\/wp-content\/uploads\/2020\/06\/images_Baggerarbeiten_Liebherr.png&#8220; background_enable_image=&#8220;on&#8220; global_colors_info=&#8220;{}&#8220; sticky_transition=&#8220;on&#8220;][\/et_pb_slide][\/et_pb_slider][\/et_pb_column][et_pb_column type=&#8220;1_3&#8243; _builder_version=&#8220;4.16&#8243; global_colors_info=&#8220;{}&#8220;][\/et_pb_column][et_pb_column type=&#8220;1_3&#8243; _builder_version=&#8220;4.16&#8243; global_colors_info=&#8220;{}&#8220;][et_pb_text _builder_version=&#8220;4.27.4&#8243; global_colors_info=&#8220;{}&#8220;]<\/p>\n<p><strong><span>Liebherr 317\/ Gew\u00e4sserpflege mit M\u00c4HKORB\u00a0<\/span><\/strong><\/p>\n<ul>\n<li><span>10m Ausleger<\/span><\/li>\n<li><span>Kunststofflaufwerk<\/span><\/li>\n<li><span>90er Bodenplattform<\/span><\/li>\n<li><span>5 m AB<\/span><\/li>\n<\/ul>\n<p>[\/et_pb_text][\/et_pb_column][\/et_pb_row][et_pb_row column_structure=&#8220;3_5,2_5&#8243; _builder_version=&#8220;4.16&#8243; global_colors_info=&#8220;{}&#8220;][et_pb_column type=&#8220;3_5&#8243; _builder_version=&#8220;4.16&#8243; global_colors_info=&#8220;{}&#8220;][et_pb_text _builder_version=&#8220;4.27.4&#8243; global_colors_info=&#8220;{}&#8220;]<\/p>\n<p><strong><span>Liebherr 317 \/ Baggerarbeiten mit BAUMSCHEREN<\/span><\/strong><\/p>\n<ul>\n<li>10m Ausleger<\/li>\n<li>Kunststofflaufwerk<\/li>\n<li>90er Bodenplattform<\/li>\n<li><\/li>\n<li>Schnitt Griffy Baumschere HS 960 SE bis 50cm \u00d8 (40 cm Hartholz) &#8230; oder &#8230;<\/li>\n<li>Woodcracker C 350 bis 45cm\u00a0\u00d8 (35 cm Hartholz)<\/li>\n<li>Woodcracker CS 610 S\u00e4geeinheit<\/li>\n<\/ul>\n<p>[\/et_pb_text][\/et_pb_column][et_pb_column type=&#8220;2_5&#8243; _builder_version=&#8220;4.16&#8243; global_colors_info=&#8220;{}&#8220;][et_pb_slider _builder_version=&#8220;4.16&#8243; min_height=&#8220;539px&#8220; auto=&#8220;on&#8220; global_colors_info=&#8220;{}&#8220;][et_pb_slide _builder_version=&#8220;4.16&#8243; background_image=&#8220;https:\/\/tms-lohnbetrieb.de\/wp-content\/uploads\/2020\/06\/images_Baggerarbeiten_IMG_7918.jpg&#8220; background_enable_image=&#8220;on&#8220; global_colors_info=&#8220;{}&#8220; sticky_transition=&#8220;on&#8220;][\/et_pb_slide][et_pb_slide _builder_version=&#8220;4.16&#8243; background_image=&#8220;https:\/\/tms-lohnbetrieb.de\/wp-content\/uploads\/2020\/06\/IMG_5237.jpg&#8220; background_enable_image=&#8220;on&#8220; global_colors_info=&#8220;{}&#8220; sticky_transition=&#8220;on&#8220;][\/et_pb_slide][et_pb_slide _builder_version=&#8220;4.16&#8243; background_image=&#8220;https:\/\/tms-lohnbetrieb.de\/wp-content\/uploads\/2020\/06\/IMG_5236.jpg&#8220; background_enable_image=&#8220;on&#8220; global_colors_info=&#8220;{}&#8220; sticky_transition=&#8220;on&#8220;][\/et_pb_slide][et_pb_slide _builder_version=&#8220;4.16&#8243; background_image=&#8220;https:\/\/tms-lohnbetrieb.de\/wp-content\/uploads\/2020\/06\/IMG_5238.jpg&#8220; background_enable_image=&#8220;on&#8220; global_colors_info=&#8220;{}&#8220; sticky_transition=&#8220;on&#8220;][\/et_pb_slide][\/et_pb_slider][\/et_pb_column][\/et_pb_row][et_pb_row column_structure=&#8220;2_5,3_5&#8243; _builder_version=&#8220;4.16&#8243; global_colors_info=&#8220;{}&#8220;][et_pb_column type=&#8220;2_5&#8243; _builder_version=&#8220;4.16&#8243; global_colors_info=&#8220;{}&#8220;][et_pb_slider _builder_version=&#8220;4.16&#8243; min_height=&#8220;476px&#8220; auto=&#8220;on&#8220; global_colors_info=&#8220;{}&#8220;][et_pb_slide _builder_version=&#8220;4.16&#8243; background_image=&#8220;https:\/\/tms-lohnbetrieb.de\/wp-content\/uploads\/2017\/11\/images_MXFG3085.JPG&#8220; background_enable_image=&#8220;on&#8220; global_colors_info=&#8220;{}&#8220; sticky_transition=&#8220;on&#8220;][\/et_pb_slide][et_pb_slide _builder_version=&#8220;4.16&#8243; background_image=&#8220;https:\/\/tms-lohnbetrieb.de\/wp-content\/uploads\/2017\/11\/images_SIAG4157.JPG&#8220; background_enable_image=&#8220;on&#8220; global_colors_info=&#8220;{}&#8220; sticky_transition=&#8220;on&#8220;][\/et_pb_slide][\/et_pb_slider][\/et_pb_column][et_pb_column type=&#8220;3_5&#8243; _builder_version=&#8220;4.16&#8243; global_colors_info=&#8220;{}&#8220;][et_pb_text _builder_version=&#8220;4.27.4&#8243; global_colors_info=&#8220;{}&#8220;]<\/p>\n<p><strong><span>Liebherr 317 \/ Baggerarbeiten<\/span><\/strong><\/p>\n<ul>\n<li><span>10m Ausleger<\/span><\/li>\n<li><span>Kunststofflaufwerk<\/span><\/li>\n<li><span>90er Bodenplattform<\/span><\/li>\n<li><span>S\u00e4mtliche Schaufelgr\u00f6\u00dfen<\/span><\/li>\n<li><span>Sortiergreifer<\/span><\/li>\n<\/ul>\n<p>[\/et_pb_text][\/et_pb_column][\/et_pb_row][et_pb_row column_structure=&#8220;3_5,2_5&#8243; _builder_version=&#8220;4.16&#8243; global_colors_info=&#8220;{}&#8220;][et_pb_column type=&#8220;3_5&#8243; _builder_version=&#8220;4.16&#8243; global_colors_info=&#8220;{}&#8220;][et_pb_text _builder_version=&#8220;4.27.4&#8243; global_colors_info=&#8220;{}&#8220;]<\/p>\n<p><b>Liebherr 918 Mobilbagger<\/b><\/p>\n<ul>\n<li><span>700er Breitreifen<\/span><\/li>\n<li><span>S\u00e4mtliche Schaufelgr\u00f6\u00dfen<\/span><\/li>\n<li><span>Sortiergreifer<\/span><\/li>\n<\/ul>\n<p>[\/et_pb_text][\/et_pb_column][et_pb_column type=&#8220;2_5&#8243; _builder_version=&#8220;4.16&#8243; global_colors_info=&#8220;{}&#8220;][et_pb_slider _builder_version=&#8220;4.16&#8243; width=&#8220;125.5%&#8220; min_height=&#8220;353px&#8220; custom_margin=&#8220;|||-93px||&#8220; auto=&#8220;on&#8220; global_colors_info=&#8220;{}&#8220;][et_pb_slide _builder_version=&#8220;4.16&#8243; background_image=&#8220;https:\/\/tms-lohnbetrieb.de\/wp-content\/uploads\/2020\/06\/11.jpg&#8220; background_enable_image=&#8220;on&#8220; global_colors_info=&#8220;{}&#8220; sticky_transition=&#8220;on&#8220;][\/et_pb_slide][et_pb_slide _builder_version=&#8220;4.16&#8243; background_image=&#8220;https:\/\/tms-lohnbetrieb.de\/wp-content\/uploads\/2020\/06\/12.jpg&#8220; background_enable_image=&#8220;on&#8220; global_colors_info=&#8220;{}&#8220; sticky_transition=&#8220;on&#8220;][\/et_pb_slide][et_pb_slide _builder_version=&#8220;4.16&#8243; background_image=&#8220;https:\/\/tms-lohnbetrieb.de\/wp-content\/uploads\/2020\/06\/8eab48f6-7490-47af-95f3-766d738d4df1-1.jpg&#8220; background_enable_image=&#8220;on&#8220; global_colors_info=&#8220;{}&#8220; sticky_transition=&#8220;on&#8220;][\/et_pb_slide][\/et_pb_slider][\/et_pb_column][\/et_pb_row][et_pb_row column_structure=&#8220;2_5,3_5&#8243; _builder_version=&#8220;4.16&#8243; global_colors_info=&#8220;{}&#8220;][et_pb_column type=&#8220;2_5&#8243; _builder_version=&#8220;4.16&#8243; global_colors_info=&#8220;{}&#8220;][et_pb_slider _builder_version=&#8220;4.16&#8243; background_enable_image=&#8220;off&#8220; min_height=&#8220;386px&#8220; custom_margin=&#8220;|-126px|113px|||&#8220; auto=&#8220;on&#8220; global_colors_info=&#8220;{}&#8220;][et_pb_slide _builder_version=&#8220;4.16&#8243; background_image=&#8220;https:\/\/tms-lohnbetrieb.de\/wp-content\/uploads\/2020\/06\/PHOTO-2019-09-01-12-52-37-3.jpg&#8220; background_enable_image=&#8220;on&#8220; global_colors_info=&#8220;{}&#8220; sticky_transition=&#8220;on&#8220;][\/et_pb_slide][et_pb_slide _builder_version=&#8220;4.16&#8243; background_image=&#8220;https:\/\/tms-lohnbetrieb.de\/wp-content\/uploads\/2020\/06\/912732eb-0593-4986-84fd-53380c9f4b3f.jpg&#8220; background_enable_image=&#8220;on&#8220; global_colors_info=&#8220;{}&#8220; sticky_transition=&#8220;on&#8220;][\/et_pb_slide][et_pb_slide _builder_version=&#8220;4.16&#8243; background_image=&#8220;https:\/\/tms-lohnbetrieb.de\/wp-content\/uploads\/2020\/06\/62ff0811-7bbb-4771-a74e-1623abf6778e.jpg&#8220; background_enable_image=&#8220;on&#8220; global_colors_info=&#8220;{}&#8220; sticky_transition=&#8220;on&#8220;][\/et_pb_slide][et_pb_slide _builder_version=&#8220;4.16&#8243; background_image=&#8220;https:\/\/tms-lohnbetrieb.de\/wp-content\/uploads\/2020\/06\/14b2c704-faa6-4982-bd81-71fbddade72b.jpg&#8220; background_enable_image=&#8220;on&#8220; global_colors_info=&#8220;{}&#8220; sticky_transition=&#8220;on&#8220;][\/et_pb_slide][et_pb_slide _builder_version=&#8220;4.16&#8243; background_image=&#8220;https:\/\/tms-lohnbetrieb.de\/wp-content\/uploads\/2020\/06\/4bcc8d4c-dbd2-40e3-92cc-694329b534cc.jpg&#8220; background_enable_image=&#8220;on&#8220; global_colors_info=&#8220;{}&#8220; sticky_transition=&#8220;on&#8220;][\/et_pb_slide][\/et_pb_slider][\/et_pb_column][et_pb_column type=&#8220;3_5&#8243; _builder_version=&#8220;4.16&#8243; global_colors_info=&#8220;{}&#8220;][et_pb_text _builder_version=&#8220;4.27.4&#8243; custom_padding=&#8220;|||211px||&#8220; global_colors_info=&#8220;{}&#8220;]<\/p>\n<p>Liebherr Radlader L 542<\/p>\n<ul>\n<li><span>2,8 m\u00b3 Erdschaufel<\/span><\/li>\n<li><span>4 m\u00b3 Hochkippschaufel<\/span><\/li>\n<li><span>Palettengabel<\/span><\/li>\n<\/ul>\n<p>[\/et_pb_text][\/et_pb_column][\/et_pb_row][et_pb_row column_structure=&#8220;2_5,3_5&#8243; _builder_version=&#8220;4.16&#8243; global_colors_info=&#8220;{}&#8220;][et_pb_column type=&#8220;2_5&#8243; _builder_version=&#8220;4.16&#8243; global_colors_info=&#8220;{}&#8220;][et_pb_image src=&#8220;data:image\/svg+xml;base64,PHN2ZyB3aWR0aD0iMTA4MCIgaGVpZ2h0PSI1NDAiIHZpZXdCb3g9IjAgMCAxMDgwIDU0MCIgeG1sbnM9Imh0dHA6Ly93d3cudzMub3JnLzIwMDAvc3ZnIj4KICAgIDxnIGZpbGw9Im5vbmUiIGZpbGwtcnVsZT0iZXZlbm9kZCI+CiAgICAgICAgPHBhdGggZmlsbD0iI0VCRUJFQiIgZD0iTTAgMGgxMDgwdjU0MEgweiIvPgogICAgICAgIDxwYXRoIGQ9Ik00NDUuNjQ5IDU0MGgtOTguOTk1TDE0NC42NDkgMzM3Ljk5NSAwIDQ4Mi42NDR2LTk4Ljk5NWwxMTYuMzY1LTExNi4zNjVjMTUuNjItMTUuNjIgNDAuOTQ3LTE1LjYyIDU2LjU2OCAwTDQ0NS42NSA1NDB6IiBmaWxsLW9wYWNpdHk9Ii4xIiBmaWxsPSIjMDAwIiBmaWxsLXJ1bGU9Im5vbnplcm8iLz4KICAgICAgICA8Y2lyY2xlIGZpbGwtb3BhY2l0eT0iLjA1IiBmaWxsPSIjMDAwIiBjeD0iMzMxIiBjeT0iMTQ4IiByPSI3MCIvPgogICAgICAgIDxwYXRoIGQ9Ik0xMDgwIDM3OXYxMTMuMTM3TDcyOC4xNjIgMTQwLjMgMzI4LjQ2MiA1NDBIMjE1LjMyNEw2OTkuODc4IDU1LjQ0NmMxNS42Mi0xNS42MiA0MC45NDgtMTUuNjIgNTYuNTY4IDBMMTA4MCAzNzl6IiBmaWxsLW9wYWNpdHk9Ii4yIiBmaWxsPSIjMDAwIiBmaWxsLXJ1bGU9Im5vbnplcm8iLz4KICAgIDwvZz4KPC9zdmc+Cg==&#8220; _builder_version=&#8220;4.27.4&#8243; _module_preset=&#8220;default&#8220; global_colors_info=&#8220;{}&#8220;][\/et_pb_image][\/et_pb_column][et_pb_column type=&#8220;3_5&#8243; _builder_version=&#8220;4.16&#8243; global_colors_info=&#8220;{}&#8220;][et_pb_text _builder_version=&#8220;4.27.4&#8243; global_colors_info=&#8220;{}&#8220;]<\/p>\n<p>Minibagger Yanmar<\/p>\n<ul>\n<li><span>1,8 Tonnen<\/span><\/li>\n<li><span>Tiefl\u00f6ffel<\/span><\/li>\n<li><span>Schwenkschaufel<\/span><\/li>\n<li><span>Greifer<\/span><\/li>\n<li><span>Drainagel\u00f6ffel<\/span><\/li>\n<\/ul>\n<p>[\/et_pb_text][\/et_pb_column][\/et_pb_row][\/et_pb_section]<\/p>\n","protected":false},"excerpt":{"rendered":"<p>Liebherr 317\/ Gew\u00e4sserpflege mit M\u00c4HKORB\u00a0 10m Ausleger Kunststofflaufwerk 90er Bodenplattform 5 m AB Liebherr 317 \/ Baggerarbeiten mit BAUMSCHEREN 10m Ausleger Kunststofflaufwerk 90er Bodenplattform Schnitt Griffy Baumschere HS 960 SE bis 50cm \u00d8 (40 cm Hartholz) &#8230; oder &#8230; Woodcracker C 350 bis 45cm\u00a0\u00d8 (35 cm Hartholz) Woodcracker CS 610 S\u00e4geeinheit Liebherr 317 \/ Baggerarbeiten [&hellip;]<\/p>\n","protected":false},"author":1,"featured_media":77,"parent":0,"menu_order":11,"comment_status":"closed","ping_status":"closed","template":"","meta":{"_et_pb_use_builder":"on","_et_pb_old_content":"<strong><span style=\"font-size: 12pt;\">Liebherr A 918<\/span><\/strong>\n\n<strong><span style=\"font-size: 12pt;\"><img class=\" size-full wp-image-77\" src=\"https:\/\/tms-lohnbetrieb.de\/wp-content\/uploads\/2017\/11\/images_Bagger_11.jpg\" alt=\"\" width=\"399\" height=\"299\">&nbsp;<img class=\" size-full wp-image-78\" src=\"https:\/\/tms-lohnbetrieb.de\/wp-content\/uploads\/2017\/11\/images_Bagger_12.jpg\" alt=\"\" width=\"398\" height=\"299\">&nbsp;<img class=\" size-full wp-image-79\" src=\"https:\/\/tms-lohnbetrieb.de\/wp-content\/uploads\/2017\/11\/images_Bagger_13.jpg\" alt=\"\" width=\"399\" height=\"299\">&nbsp;<img class=\" size-full wp-image-80\" src=\"https:\/\/tms-lohnbetrieb.de\/wp-content\/uploads\/2017\/11\/images_Bagger_14.jpg\" alt=\"\" width=\"400\" height=\"299\">&nbsp;<img class=\" size-full wp-image-81\" src=\"https:\/\/tms-lohnbetrieb.de\/wp-content\/uploads\/2017\/11\/images_Bagger_15.jpg\" alt=\"\" width=\"403\" height=\"301\"><\/span><\/strong>\n\n<hr>\n\n<strong><span style=\"font-size: 12pt;\"><img class=\" size-full wp-image-82\" src=\"https:\/\/tms-lohnbetrieb.de\/wp-content\/uploads\/2017\/11\/images_SIAG4157.JPG\" alt=\"\" width=\"224\" height=\"298\">&nbsp;&nbsp;<img class=\" size-full wp-image-83\" src=\"https:\/\/tms-lohnbetrieb.de\/wp-content\/uploads\/2017\/11\/images_MXFG3085.JPG\" alt=\"\" width=\"224\" height=\"299\">&nbsp;&nbsp;<img class=\" size-full wp-image-84\" src=\"https:\/\/tms-lohnbetrieb.de\/wp-content\/uploads\/2017\/11\/images_KYDC5855.JPG\" alt=\"\" width=\"399\" height=\"299\">&nbsp;<\/span><\/strong>\n\n&nbsp;<strong><span style=\"font-size: 12pt;\">Liebherr 317 \/ Baggerarbeiten<\/span><\/strong>\n<ul>\n \t<li><span style=\"font-size: 10pt;\">10m Ausleger<\/span><\/li>\n \t<li><span style=\"font-size: 10pt;\">Kunststofflaufwerk<\/span><\/li>\n \t<li><span style=\"font-size: 10pt;\">90er Bodenplattform<\/span><\/li>\n<\/ul>\n\n<hr>\n\n<strong><span style=\"font-size: 12pt;\"><img class=\" size-full wp-image-85\" src=\"https:\/\/tms-lohnbetrieb.de\/wp-content\/uploads\/2017\/11\/images_Baggerarbeiten_IMG_7918.JPG\" alt=\"\" width=\"224\" height=\"299\">&nbsp;<img class=\" size-full wp-image-86\" src=\"https:\/\/tms-lohnbetrieb.de\/wp-content\/uploads\/2017\/11\/images_Baggerarbeiten_IMG_7919.JPG\" alt=\"\" width=\"225\" height=\"300\">&nbsp;&nbsp;<img class=\" size-full wp-image-45\" src=\"https:\/\/tms-lohnbetrieb.de\/wp-content\/uploads\/2014\/01\/images_URUC5090.JPG\" alt=\"\" width=\"224\" height=\"299\">&nbsp;&nbsp;<img class=\" size-full wp-image-44\" src=\"https:\/\/tms-lohnbetrieb.de\/wp-content\/uploads\/2014\/01\/images_STPG9893.JPG\" alt=\"\" width=\"224\" height=\"299\"><\/span><\/strong>\n\n<strong><span style=\"font-size: 12pt;\">Liebherr 317 \/ Baggerarbeiten mit BAUMSCHEREN<\/span><\/strong>\n<ul>\n \t<li>10m Ausleger<\/li>\n \t<li>Kunststofflaufwerk<\/li>\n \t<li>90er Bodenplattform<\/li>\n \t<li><\/li>\n \t<li>Schnitt Griffy Baumschere HS 860 SE bis 40cm&nbsp;\u00d8 (30 cm Hartholz) ... oder ...<\/li>\n \t<li>Woodcracker C 350 bis 45cm&nbsp;\u00d8 (35 cm Hartholz)<\/li>\n<\/ul>\n\n<hr>\n\n<strong><span style=\"font-size: 12pt;\">Liebherr 317\/ Gew\u00e4sserpflege mit M\u00c4HKORB&nbsp;<\/span><\/strong>\n<ul>\n \t<li><span style=\"font-size: 10pt;\">10m Ausleger<\/span><\/li>\n \t<li><span style=\"font-size: 10pt;\">Kunststofflaufwerk<\/span><\/li>\n \t<li><span style=\"font-size: 10pt;\">90er Bodenplattform<\/span><\/li>\n<\/ul>\n<p style=\"text-align: center;\"><span style=\"font-size: 10pt;\"><img class=\" size-full wp-image-59\" src=\"https:\/\/tms-lohnbetrieb.de\/wp-content\/uploads\/2014\/01\/images_Baggerarbeiten_Liebherr.png\" alt=\"\" width=\"299\" height=\"340\"><\/span><\/p>","_et_gb_content_width":"","footnotes":""},"class_list":["post-87","page","type-page","status-publish","has-post-thumbnail","hentry"],"_links":{"self":[{"href":"https:\/\/tms-lohnbetrieb.de\/index.php\/wp-json\/wp\/v2\/pages\/87","targetHints":{"allow":["GET"]}}],"collection":[{"href":"https:\/\/tms-lohnbetrieb.de\/index.php\/wp-json\/wp\/v2\/pages"}],"about":[{"href":"https:\/\/tms-lohnbetrieb.de\/index.php\/wp-json\/wp\/v2\/types\/page"}],"author":[{"embeddable":true,"href":"https:\/\/tms-lohnbetrieb.de\/index.php\/wp-json\/wp\/v2\/users\/1"}],"replies":[{"embeddable":true,"href":"https:\/\/tms-lohnbetrieb.de\/index.php\/wp-json\/wp\/v2\/comments?post=87"}],"version-history":[{"count":16,"href":"https:\/\/tms-lohnbetrieb.de\/index.php\/wp-json\/wp\/v2\/pages\/87\/revisions"}],"predecessor-version":[{"id":1368,"href":"https:\/\/tms-lohnbetrieb.de\/index.php\/wp-json\/wp\/v2\/pages\/87\/revisions\/1368"}],"wp:featuredmedia":[{"embeddable":true,"href":"https:\/\/tms-lohnbetrieb.de\/index.php\/wp-json\/wp\/v2\/media\/77"}],"wp:attachment":[{"href":"https:\/\/tms-lohnbetrieb.de\/index.php\/wp-json\/wp\/v2\/media?parent=87"}],"curies":[{"name":"wp","href":"https:\/\/api.w.org\/{rel}","templated":true}]}}