{"id":40,"date":"2014-01-19T19:30:02","date_gmt":"2014-01-19T19:30:02","guid":{"rendered":"https:\/\/backup.tms-lohnbetrieb.de\/index.php\/ballen-pressen-wickeln\/"},"modified":"2025-02-25T18:49:56","modified_gmt":"2025-02-25T17:49:56","slug":"ballen-pressen-wickeln","status":"publish","type":"page","link":"https:\/\/tms-lohnbetrieb.de\/index.php\/ballen-pressen-wickeln\/","title":{"rendered":"Ballen pressen &#038; wickeln"},"content":{"rendered":"<p>[et_pb_section fb_built=&#8220;1&#8243; admin_label=&#8220;section&#8220; _builder_version=&#8220;4.16&#8243; global_colors_info=&#8220;{}&#8220;][et_pb_row _builder_version=&#8220;4.16&#8243; global_colors_info=&#8220;{}&#8220;][et_pb_column type=&#8220;4_4&#8243; _builder_version=&#8220;4.16&#8243; global_colors_info=&#8220;{}&#8220;][et_pb_text _builder_version=&#8220;4.16&#8243; background_color=&#8220;#44580e&#8220; global_colors_info=&#8220;{}&#8220;]<\/p>\n<h1 style=\"text-align: center;\"><span><\/span><\/h1>\n<h1 style=\"text-align: center;\"><span><\/span><\/h1>\n<h1 style=\"text-align: center;\"><span><\/span><\/h1>\n<h1 style=\"text-align: center;\"><span style=\"color: #ffffff;\">F\u00fcr jede Anforderung bieten wir das optimale Ballenma\u00df, <\/span><\/h1>\n<h1 style=\"text-align: center;\"><span style=\"color: #ffffff;\">sowie die optimale Schnittqualit\u00e4t <\/span><\/h1>\n<h1 style=\"text-align: center;\"><span style=\"color: #ffffff;\">wahlweise durch RotoCut oder zus\u00e4tzlichen Vorbauh\u00e4cksler. <\/span><\/h1>\n<h1 style=\"text-align: center;\"><span style=\"color: #ffffff;\">Auch bieten wir das Wenden sowie das Bel\u00fcften Ihrer Schwaden zur besten Abtrocknung an. <\/span><\/h1>\n<h1 style=\"text-align: center;\"><span style=\"color: #ffffff;\">Bei Silageeinsatz bieten wir das Wickeln und Einstapeln an.<\/span><\/h1>\n<h1 style=\"text-align: center;\"><span style=\"color: #ffffff;\"><br \/><strong>Ob Stroh, Heu oder Silage &#8211; Transporte sind f\u00fcr uns kein Problem<\/strong>!<\/span><\/h1>\n<p><span style=\"color: #ffffff;\"><\/span><\/p>\n<p><span style=\"color: #ffffff;\"><\/span><\/p>\n<p><span><\/span><\/p>\n<p>[\/et_pb_text][\/et_pb_column][\/et_pb_row][et_pb_row column_structure=&#8220;2_3,1_3&#8243; _builder_version=&#8220;4.16&#8243; global_colors_info=&#8220;{}&#8220;][et_pb_column type=&#8220;2_3&#8243; _builder_version=&#8220;4.16&#8243; global_colors_info=&#8220;{}&#8220;][et_pb_slider _builder_version=&#8220;4.16&#8243; min_height=&#8220;399px&#8220; auto=&#8220;on&#8220; global_colors_info=&#8220;{}&#8220;][et_pb_slide _builder_version=&#8220;4.16&#8243; background_image=&#8220;https:\/\/tms-lohnbetrieb.de\/wp-content\/uploads\/2020\/06\/edeee958-39eb-4441-9510-db2b3d5d2f9d.jpg&#8220; background_enable_image=&#8220;on&#8220; global_colors_info=&#8220;{}&#8220; sticky_transition=&#8220;on&#8220;][\/et_pb_slide][et_pb_slide _builder_version=&#8220;4.16&#8243; background_image=&#8220;https:\/\/tms-lohnbetrieb.de\/wp-content\/uploads\/2020\/06\/5632bb6c-6e4d-4fa8-9c6e-ace70bf505e5.jpg&#8220; background_enable_image=&#8220;on&#8220; global_colors_info=&#8220;{}&#8220; sticky_transition=&#8220;on&#8220;][\/et_pb_slide][et_pb_slide _builder_version=&#8220;4.16&#8243; background_image=&#8220;https:\/\/tms-lohnbetrieb.de\/wp-content\/uploads\/2020\/06\/866a5097-1ea3-42e0-8f3c-44a966ac65fc.jpg&#8220; background_enable_image=&#8220;on&#8220; global_colors_info=&#8220;{}&#8220; sticky_transition=&#8220;on&#8220;][\/et_pb_slide][et_pb_slide _builder_version=&#8220;4.16&#8243; background_image=&#8220;https:\/\/tms-lohnbetrieb.de\/wp-content\/uploads\/2020\/06\/299b1d90-7929-4873-a50e-a189084c42ae.jpg&#8220; background_enable_image=&#8220;on&#8220; global_colors_info=&#8220;{}&#8220; sticky_transition=&#8220;on&#8220;][\/et_pb_slide][\/et_pb_slider][\/et_pb_column][et_pb_column type=&#8220;1_3&#8243; _builder_version=&#8220;4.16&#8243; global_colors_info=&#8220;{}&#8220;][et_pb_text _builder_version=&#8220;4.27.4&#8243; hover_enabled=&#8220;0&#8243; global_colors_info=&#8220;{}&#8220; sticky_enabled=&#8220;0&#8243;]<\/p>\n<h1><strong><span>2 St\u00fcck<\/span><\/strong><\/h1>\n<h2><strong><span>Krone Comprima 180 XC<\/span><\/strong><\/h2>\n<ul>\n<li>\n<h2><span>Ballenma\u00df: 1,23m * 0,9m bis 1,8m\u00a0\u00d8<\/span><\/h2>\n<\/li>\n<li>\n<h2><span>Schneidewerk mit bis zu 26 Messern<\/span><\/h2>\n<\/li>\n<\/ul>\n<p>[\/et_pb_text][\/et_pb_column][\/et_pb_row][et_pb_row column_structure=&#8220;2_5,3_5&#8243; _builder_version=&#8220;4.16&#8243; global_colors_info=&#8220;{}&#8220;][et_pb_column type=&#8220;2_5&#8243; _builder_version=&#8220;4.16&#8243; global_colors_info=&#8220;{}&#8220;][et_pb_text _builder_version=&#8220;4.16&#8243; global_colors_info=&#8220;{}&#8220;]<\/p>\n<h2><strong><span>Claas Quadrant 3200 RotoCut<br \/><\/span><\/strong><\/h2>\n<ul>\n<li>\n<h2>Ballenma\u00df: 1,2m x <span>0<\/span>,7m bis 2,5m L\u00e4nge<\/h2>\n<\/li>\n<li>\n<h2>Bef\u00fclltrichter f\u00fcr Feldh\u00e4cksler<\/h2>\n<\/li>\n<li>\n<h2>Schneidwerk mit bis zu 25 Messern<\/h2>\n<\/li>\n<li>\n<h2>Feuchtigkeitssensor zur Bestimmung der Restfeuchte im Erntegut<\/h2>\n<\/li>\n<li>\n<h2><\/h2>\n<\/li>\n<\/ul>\n<p>[\/et_pb_text][\/et_pb_column][et_pb_column type=&#8220;3_5&#8243; _builder_version=&#8220;4.16&#8243; global_colors_info=&#8220;{}&#8220;][et_pb_slider _builder_version=&#8220;4.16&#8243; min_height=&#8220;401px&#8220; auto=&#8220;on&#8220; global_colors_info=&#8220;{}&#8220;][et_pb_slide _builder_version=&#8220;4.16&#8243; background_image=&#8220;https:\/\/tms-lohnbetrieb.de\/wp-content\/uploads\/2020\/06\/7a1789ba-8ab9-4a45-a806-5c85cfa55516.jpg&#8220; background_enable_image=&#8220;on&#8220; global_colors_info=&#8220;{}&#8220; sticky_transition=&#8220;on&#8220;][\/et_pb_slide][et_pb_slide _builder_version=&#8220;4.16&#8243; background_image=&#8220;https:\/\/tms-lohnbetrieb.de\/wp-content\/uploads\/2020\/06\/034ad19b-0965-426f-98ea-12a11b7f6377.jpg&#8220; background_enable_image=&#8220;on&#8220; global_colors_info=&#8220;{}&#8220; sticky_transition=&#8220;on&#8220;][\/et_pb_slide][et_pb_slide _builder_version=&#8220;4.16&#8243; background_image=&#8220;https:\/\/tms-lohnbetrieb.de\/wp-content\/uploads\/2020\/06\/39edca6e-fda3-4a41-a742-f518200e1ad1.jpg&#8220; background_enable_image=&#8220;on&#8220; global_colors_info=&#8220;{}&#8220; sticky_transition=&#8220;on&#8220;][\/et_pb_slide][et_pb_slide _builder_version=&#8220;4.16&#8243; background_image=&#8220;https:\/\/tms-lohnbetrieb.de\/wp-content\/uploads\/2020\/06\/57538f0e-5cb3-4d76-ae3b-173679b1423a.jpg&#8220; background_enable_image=&#8220;on&#8220; global_colors_info=&#8220;{}&#8220; sticky_transition=&#8220;on&#8220;][\/et_pb_slide][\/et_pb_slider][\/et_pb_column][\/et_pb_row][et_pb_row column_structure=&#8220;3_5,2_5&#8243; _builder_version=&#8220;4.16&#8243; global_colors_info=&#8220;{}&#8220;][et_pb_column type=&#8220;3_5&#8243; _builder_version=&#8220;4.16&#8243; global_colors_info=&#8220;{}&#8220;][et_pb_slider _builder_version=&#8220;4.16&#8243; min_height=&#8220;380px&#8220; auto=&#8220;on&#8220; global_colors_info=&#8220;{}&#8220;][et_pb_slide _builder_version=&#8220;4.16&#8243; background_image=&#8220;https:\/\/tms-lohnbetrieb.de\/wp-content\/uploads\/2020\/06\/74c72831-3987-4277-9cfb-e5b738d75e1e.jpg&#8220; background_enable_image=&#8220;on&#8220; global_colors_info=&#8220;{}&#8220; sticky_transition=&#8220;on&#8220;][\/et_pb_slide][et_pb_slide _builder_version=&#8220;4.16&#8243; background_image=&#8220;https:\/\/tms-lohnbetrieb.de\/wp-content\/uploads\/2020\/06\/b6eccc8d-c292-4253-af71-32b71ad0ee50.jpg&#8220; background_enable_image=&#8220;on&#8220; global_colors_info=&#8220;{}&#8220; sticky_transition=&#8220;on&#8220;][\/et_pb_slide][et_pb_slide _builder_version=&#8220;4.16&#8243; background_image=&#8220;https:\/\/tms-lohnbetrieb.de\/wp-content\/uploads\/2020\/06\/0f436d7d-9fde-42f1-9c33-c8e4065ebbd9.jpg&#8220; background_enable_image=&#8220;on&#8220; global_colors_info=&#8220;{}&#8220; sticky_transition=&#8220;on&#8220;][\/et_pb_slide][\/et_pb_slider][\/et_pb_column][et_pb_column type=&#8220;2_5&#8243; _builder_version=&#8220;4.16&#8243; global_colors_info=&#8220;{}&#8220;][et_pb_text _builder_version=&#8220;4.16&#8243; global_colors_info=&#8220;{}&#8220;]<\/p>\n<h2><strong><span>Claas Quadrant 3200 SpecialCut<br \/><\/span><\/strong><\/h2>\n<ul>\n<li>\n<h2>Ballenma\u00df: 1,2m x 0,7m bis 2,5m L\u00e4nge<\/h2>\n<\/li>\n<li>\n<h2>Schneidwerk mit bis zu 51 Messern<\/h2>\n<\/li>\n<li>\n<h2>Vorbauh\u00e4cksler mit bis zu 180 Messern bei zwei Gegenschneiden<\/h2>\n<\/li>\n<li>\n<h2>Feuchtigkeitssensor zur Bestimmung der Restfeuchte im Erntegut<\/h2>\n<\/li>\n<\/ul>\n<p>[\/et_pb_text][\/et_pb_column][\/et_pb_row][et_pb_row column_structure=&#8220;2_5,3_5&#8243; _builder_version=&#8220;4.16&#8243; global_colors_info=&#8220;{}&#8220;][et_pb_column type=&#8220;2_5&#8243; _builder_version=&#8220;4.16&#8243; global_colors_info=&#8220;{}&#8220;][et_pb_text _builder_version=&#8220;4.16&#8243; global_colors_info=&#8220;{}&#8220;]<\/p>\n<h2><strong><span>Claas Quadrant 2100 RotoCut<br \/> <\/span><\/strong><\/h2>\n<ul>\n<li>\n<h2>Ballenma\u00df: 0,8m x 0,7m bis 2,5m L\u00e4nge<\/h2>\n<\/li>\n<li>\n<h2>Schneidwerk mit bis zu 16 Messern<\/h2>\n<\/li>\n<li>\n<h2>Feuchtigkeitssensor zur Bestimmung der Restfeuchte im Erntegut<\/h2>\n<\/li>\n<\/ul>\n<p>[\/et_pb_text][\/et_pb_column][et_pb_column type=&#8220;3_5&#8243; _builder_version=&#8220;4.16&#8243; global_colors_info=&#8220;{}&#8220;][et_pb_image src=&#8220;https:\/\/tms-lohnbetrieb.de\/wp-content\/uploads\/2025\/01\/Foto-30.07.24-17-54-26-scaled.jpg&#8220; title_text=&#8220;Foto 30.07.24, 17 54 26&#8243; _builder_version=&#8220;4.27.4&#8243; hover_enabled=&#8220;0&#8243; global_colors_info=&#8220;{}&#8220; sticky_enabled=&#8220;0&#8243;][\/et_pb_image][\/et_pb_column][\/et_pb_row][et_pb_row column_structure=&#8220;3_5,2_5&#8243; _builder_version=&#8220;4.16&#8243; global_colors_info=&#8220;{}&#8220;][et_pb_column type=&#8220;3_5&#8243; _builder_version=&#8220;4.16&#8243; global_colors_info=&#8220;{}&#8220;][et_pb_image src=&#8220;https:\/\/tms-lohnbetrieb.de\/wp-content\/uploads\/2020\/06\/879326b9-9a0b-4a92-bb37-be40c8f8ccd4.jpg&#8220; title_text=&#8220;879326b9-9a0b-4a92-bb37-be40c8f8ccd4&#8243; _builder_version=&#8220;4.16&#8243; global_colors_info=&#8220;{}&#8220;][\/et_pb_image][\/et_pb_column][et_pb_column type=&#8220;2_5&#8243; _builder_version=&#8220;4.16&#8243; global_colors_info=&#8220;{}&#8220;][et_pb_text _builder_version=&#8220;4.16&#8243; global_colors_info=&#8220;{}&#8220;]<\/p>\n<h2><strong><span>Claas Quadrant 4000<br \/> <\/span><\/strong><\/h2>\n<ul>\n<li>\n<h2>Ballenma\u00df: 0,8m x 0,5m bis 2m L\u00e4nge<\/h2>\n<\/li>\n<li>\n<h2>angeh\u00e4ngter Ballensammelwagen stapelt 2 Ballen \u00fcbereinander zur schnelleren Feldr\u00e4umung<\/h2>\n<\/li>\n<li>\n<h2>Feuchtigkeitssensor zur Bestimmung der Restfeuchte im Erntegut<\/h2>\n<\/li>\n<\/ul>\n<p>[\/et_pb_text][\/et_pb_column][\/et_pb_row][et_pb_row column_structure=&#8220;1_2,1_2&#8243; _builder_version=&#8220;4.16&#8243; global_colors_info=&#8220;{}&#8220;][et_pb_column type=&#8220;1_2&#8243; _builder_version=&#8220;4.16&#8243; global_colors_info=&#8220;{}&#8220;][et_pb_text _builder_version=&#8220;4.16&#8243; global_colors_info=&#8220;{}&#8220;]<\/p>\n<h2><strong><span>Elho TR 480 SideFlow<br \/><\/span><\/strong><\/h2>\n<ul>\n<li>\n<h2>Strohwenden \/ Strohbel\u00fcftung durch die immer gr\u00f6\u00dfer werdenden Schneidwerksbreiten der M\u00e4hdrescher<\/h2>\n<\/li>\n<li>\n<h2>schnellerer Trocknungsprozess<\/h2>\n<\/li>\n<li>\n<h2>bis zu 12 ha\/h<\/h2>\n<\/li>\n<li>\n<h2>schonende Arbeitsweise<\/h2>\n<\/li>\n<li>\n<h2>ideal f\u00fcr Stroh, dass durch Regen nass geworden ist<\/h2>\n<\/li>\n<\/ul>\n<p>[\/et_pb_text][\/et_pb_column][et_pb_column type=&#8220;1_2&#8243; _builder_version=&#8220;4.16&#8243; global_colors_info=&#8220;{}&#8220;][et_pb_image src=&#8220;data:image\/svg+xml;base64,PHN2ZyB3aWR0aD0iMTA4MCIgaGVpZ2h0PSI1NDAiIHZpZXdCb3g9IjAgMCAxMDgwIDU0MCIgeG1sbnM9Imh0dHA6Ly93d3cudzMub3JnLzIwMDAvc3ZnIj4KICAgIDxnIGZpbGw9Im5vbmUiIGZpbGwtcnVsZT0iZXZlbm9kZCI+CiAgICAgICAgPHBhdGggZmlsbD0iI0VCRUJFQiIgZD0iTTAgMGgxMDgwdjU0MEgweiIvPgogICAgICAgIDxwYXRoIGQ9Ik00NDUuNjQ5IDU0MGgtOTguOTk1TDE0NC42NDkgMzM3Ljk5NSAwIDQ4Mi42NDR2LTk4Ljk5NWwxMTYuMzY1LTExNi4zNjVjMTUuNjItMTUuNjIgNDAuOTQ3LTE1LjYyIDU2LjU2OCAwTDQ0NS42NSA1NDB6IiBmaWxsLW9wYWNpdHk9Ii4xIiBmaWxsPSIjMDAwIiBmaWxsLXJ1bGU9Im5vbnplcm8iLz4KICAgICAgICA8Y2lyY2xlIGZpbGwtb3BhY2l0eT0iLjA1IiBmaWxsPSIjMDAwIiBjeD0iMzMxIiBjeT0iMTQ4IiByPSI3MCIvPgogICAgICAgIDxwYXRoIGQ9Ik0xMDgwIDM3OXYxMTMuMTM3TDcyOC4xNjIgMTQwLjMgMzI4LjQ2MiA1NDBIMjE1LjMyNEw2OTkuODc4IDU1LjQ0NmMxNS42Mi0xNS42MiA0MC45NDgtMTUuNjIgNTYuNTY4IDBMMTA4MCAzNzl6IiBmaWxsLW9wYWNpdHk9Ii4yIiBmaWxsPSIjMDAwIiBmaWxsLXJ1bGU9Im5vbnplcm8iLz4KICAgIDwvZz4KPC9zdmc+Cg==&#8220; _builder_version=&#8220;4.27.4&#8243; _module_preset=&#8220;default&#8220; hover_enabled=&#8220;0&#8243; sticky_enabled=&#8220;0&#8243;][\/et_pb_image][\/et_pb_column][\/et_pb_row][et_pb_row column_structure=&#8220;3_5,2_5&#8243; _builder_version=&#8220;4.16&#8243; global_colors_info=&#8220;{}&#8220;][et_pb_column type=&#8220;3_5&#8243; _builder_version=&#8220;4.16&#8243; global_colors_info=&#8220;{}&#8220;][et_pb_image title_text=&#8220;images_Pressen_TMS-17-380&#215;214&#8243; _builder_version=&#8220;4.16&#8243; background_image=&#8220;https:\/\/tms-lohnbetrieb.de\/wp-content\/uploads\/2020\/06\/images_Pressen_TMS-17-380&#215;214-2.jpg&#8220; custom_padding=&#8220;||344px|||&#8220; global_colors_info=&#8220;{}&#8220;][\/et_pb_image][\/et_pb_column][et_pb_column type=&#8220;2_5&#8243; _builder_version=&#8220;4.16&#8243; global_colors_info=&#8220;{}&#8220;][et_pb_text _builder_version=&#8220;4.16&#8243; global_colors_info=&#8220;{}&#8220;]<\/p>\n<h2><strong><span>G\u00f6weil G3010 Wickelger\u00e4t<br \/><\/span><\/strong><\/h2>\n<ul>\n<li>\n<h2>F\u00fcr Quader- und Rundballen<\/h2>\n<\/li>\n<li>\n<h2>Quaderballen k\u00f6nnen einzeln oder im Doppelpack eingewickelt werden<\/h2>\n<\/li>\n<li>\n<h2>station\u00e4res Ger\u00e4t mit eigenem Motor<\/h2>\n<\/li>\n<li>\n<h2>Beschickung durch Teleskoplader mit Ballenzange<\/h2>\n<\/li>\n<li>\n<h2>\u00fcberall einsetzbar<\/h2>\n<\/li>\n<\/ul>\n<p>[\/et_pb_text][\/et_pb_column][\/et_pb_row][et_pb_row column_structure=&#8220;2_5,3_5&#8243; _builder_version=&#8220;4.16&#8243; global_colors_info=&#8220;{}&#8220;][et_pb_column type=&#8220;2_5&#8243; _builder_version=&#8220;4.16&#8243; global_colors_info=&#8220;{}&#8220;][et_pb_text _builder_version=&#8220;4.16&#8243; global_colors_info=&#8220;{}&#8220;]<\/p>\n<h2><strong><span>Stroh-, Heu- oder Silagetransport<br \/><\/span><\/strong><\/h2>\n<ul>\n<li>\n<h2>Teleskoplader oder Frontladerschlepper mit Ballenzange \/ Gabel<\/h2>\n<\/li>\n<li>\n<h2>mehrere Ballentransportwagen<\/h2>\n<\/li>\n<\/ul>\n<p>[\/et_pb_text][\/et_pb_column][et_pb_column type=&#8220;3_5&#8243; _builder_version=&#8220;4.16&#8243; global_colors_info=&#8220;{}&#8220;][et_pb_image src=&#8220;https:\/\/tms-lohnbetrieb.de\/wp-content\/uploads\/2020\/06\/ba4621d0-5b6b-4ce0-b653-dad9caab3ef9.jpg&#8220; title_text=&#8220;ba4621d0-5b6b-4ce0-b653-dad9caab3ef9&#8243; _builder_version=&#8220;4.16&#8243; global_colors_info=&#8220;{}&#8220;][\/et_pb_image][\/et_pb_column][\/et_pb_row][\/et_pb_section]<\/p>\n","protected":false},"excerpt":{"rendered":"<p>F\u00fcr jede Anforderung bieten wir das optimale Ballenma\u00df, sowie die optimale Schnittqualit\u00e4t wahlweise durch RotoCut oder zus\u00e4tzlichen Vorbauh\u00e4cksler. Auch bieten wir das Wenden sowie das Bel\u00fcften Ihrer Schwaden zur besten Abtrocknung an. Bei Silageeinsatz bieten wir das Wickeln und Einstapeln an. Ob Stroh, Heu oder Silage &#8211; Transporte sind f\u00fcr uns kein Problem! 2 St\u00fcck [&hellip;]<\/p>\n","protected":false},"author":1,"featured_media":31,"parent":0,"menu_order":24,"comment_status":"closed","ping_status":"closed","template":"","meta":{"_et_pb_use_builder":"on","_et_pb_old_content":"<p><span style=\"font-size: medium;\">F\u00fcr jede Anforderung bieten wir das optimale Ballenma\u00df, sowie die optimale Schnittqualit\u00e4t wahlweise durch RotoCut oder zus\u00e4tzlichen Vorbauh\u00e4cksler. Auch bieten wir das Wenden sowie das Bel\u00fcften Ihrer Schwaden zur besten Abtrocknung an. Bei Silageeinsatz bieten wir das Wickeln und Einstapeln an.<\/span><\/p> <p><span style=\"font-size: medium;\"><br \/><strong>Ob Stroh, Heu oder Silage - Transporte sind f\u00fcr uns kein Problem<\/strong>!<br \/><\/span><\/p> <p>\u00a0<\/p> <p><span style=\"font-size: medium;\"><img class=\" size-full wp-image-31\" src=\"https:\/\/tms-lohnbetrieb.de\/wp-content\/uploads\/2014\/01\/images_Bilder_DL_Pressen.jpg\" alt=\"\" height=\"200\" \/><\/span><\/p> <p>\u00a0<\/p> <hr \/> <p>\u00a0<\/p> <p style=\"text-align: left;\"><strong><span style=\"font-size: medium;\">Krone Comprima 180 XC<\/span><\/strong><\/p> <ul> <li style=\"text-align: left;\"><span style=\"font-size: 10pt;\">Ballenma\u00df: 1,23m * 0,9m bis 1,8m\u00a0\u00d8<\/span><\/li> <li style=\"text-align: left;\"><span style=\"font-size: 10pt;\">Schneidewerk mit bis zu 26 Messern<\/span><\/li> <\/ul> <p style=\"text-align: left;\">\u00a0<\/p> <p style=\"text-align: left;\">\u00a0<\/p> <hr \/> <p style=\"text-align: left;\">\u00a0<\/p> <p style=\"text-align: left;\"><strong><span style=\"font-size: medium;\">Claas Quadrant 3200 RotoCut<br \/><\/span><\/strong><\/p> <ul style=\"list-style-type: disc;\"> <li>Ballenma\u00df: 1,2m x <span style=\"font-size: 12pt;\">0<\/span>,7m bis 2,5m L\u00e4nge<\/li> <li>Bef\u00fclltrichter f\u00fcr Feldh\u00e4cksler<\/li> <li>Schneidwerk mit bis zu 25 Messern<\/li> <li>Feuchtigkeitssensor zur Bestimmung der Restfeuchte im Erntegut<\/li> <li>angeh\u00e4ngter Ballensammelwagen stapelt 2 Ballen \u00fcbereinander zur schnelleren Feldr\u00e4umung<\/li> <\/ul> <p><img class=\" size-full wp-image-32\" src=\"https:\/\/tms-lohnbetrieb.de\/wp-content\/uploads\/2014\/01\/images_Bilder_DL_3200RC.jpg\" alt=\"\" height=\"200\" \/><\/p> <p>\u00a0<\/p> <p>\u00a0<\/p> <hr \/> <p>\u00a0<\/p> <p style=\"text-align: left;\"><strong><span style=\"font-size: medium;\">Claas Quadrant 3200 SpecialCut<br \/><\/span><\/strong><\/p> <ul style=\"list-style-type: disc;\"> <li>Ballenma\u00df: 1,2m x 0,7m bis 2,5m L\u00e4nge<\/li> <li>Schneidwerk mit bis zu 51 Messern<\/li> <li>Vorbauh\u00e4cksler mit bis zu 180 Messern bei zwei Gegenschneiden<\/li> <li>Feuchtigkeitssensor zur Bestimmung der Restfeuchte im Erntegut<\/li> <\/ul> <p><img class=\" size-full wp-image-33\" src=\"https:\/\/tms-lohnbetrieb.de\/wp-content\/uploads\/2014\/01\/images_Bilder_DL_3200FC.jpg\" alt=\"\" height=\"200\" \/><\/p> <p>\u00a0<\/p> <hr \/> <p>\u00a0<\/p> <p>\u00a0<\/p> <p style=\"text-align: left;\"><strong><span style=\"font-size: medium;\">Claas Quadrant 2100 RotoCut<br \/><\/span><\/strong><\/p> <ul style=\"list-style-type: disc;\"> <li>Ballenma\u00df: 0,8m x 0,7m bis 2,5m L\u00e4nge<\/li> <li>Schneidwerk mit bis zu 16 Messern<\/li> <li>Feuchtigkeitssensor zur Bestimmung der Restfeuchte im Erntegut<\/li> <\/ul> <p><img class=\" size-full wp-image-34\" src=\"https:\/\/tms-lohnbetrieb.de\/wp-content\/uploads\/2014\/01\/images_Bilder_DL_2100.jpg\" alt=\"\" height=\"200\" \/><\/p> <p>\u00a0<\/p> <hr \/> <p>\u00a0<\/p> <p style=\"text-align: left;\"><strong><span style=\"font-size: medium;\">Claas Quadrant 1150 RotoCut<br \/><\/span><\/strong><\/p> <ul style=\"list-style-type: disc;\"> <li>Ballenma\u00df: 0,8m x 0,5m bis 2m L\u00e4nge<\/li> <li>Schneidwerk mit bis zu 12 Messern<\/li> <li>angeh\u00e4ngter Ballensammelwagen stapelt 2 Ballen \u00fcbereinander zur schnelleren Feldr\u00e4umung<\/li> <\/ul> <p>\u00a0<\/p> <hr \/> <p><strong><span style=\"font-size: medium;\">Elho TR 480 SideFlow<br \/><\/span><\/strong><\/p> <ul style=\"list-style-type: disc;\"> <li>Strohwenden \/ Strohbel\u00fcftung durch die immer gr\u00f6\u00dfer werdenden Schneidwerksbreiten der M\u00e4hdrescher<\/li> <li>schnellerer Trocknungsprozess<\/li> <li>bis zu 12 ha\/h<\/li> <li>schonende Arbeitsweise<\/li> <li>ideal f\u00fcr Stroh, dass durch Regen nass geworden ist<\/li> <\/ul> <p><img class=\" size-full wp-image-35\" src=\"https:\/\/tms-lohnbetrieb.de\/wp-content\/uploads\/2014\/01\/images_Bilder_DL_Elho.jpg\" alt=\"\" height=\"200\" \/><img class=\" size-full wp-image-36\" src=\"https:\/\/tms-lohnbetrieb.de\/wp-content\/uploads\/2014\/01\/images_Bilder_DL_Elho2.jpg\" alt=\"\" height=\"200\" \/><\/p> <p>\u00a0<\/p> <hr \/> <p>\u00a0<\/p> <p style=\"text-align: left;\"><strong><span style=\"font-size: medium;\">G\u00f6weil G3010 Wickelger\u00e4t<br \/><\/span><\/strong><\/p> <ul style=\"list-style-type: disc;\"> <li>F\u00fcr Quader- und Rundballen<\/li> <li>Quaderballen k\u00f6nnen einzeln oder im Doppelpack eingewickelt werden<\/li> <li>station\u00e4res Ger\u00e4t mit eigenem Motor<\/li> <li>Beschickung durch Teleskoplader mit Ballenzange<\/li> <li>\u00fcberall einsetzbar<\/li> <\/ul> <p><img class=\" size-full wp-image-37\" src=\"https:\/\/tms-lohnbetrieb.de\/wp-content\/uploads\/2014\/01\/images_Bilder_DL_Wickler.jpg\" alt=\"\" height=\"200\" \/><\/p> <p>\u00a0<\/p> <hr \/> <p>\u00a0<\/p> <p style=\"text-align: left;\"><strong><span style=\"font-size: medium;\">Stroh-, Heu- oder Silagetransport<br \/><\/span><\/strong><\/p> <ul style=\"list-style-type: disc;\"> <li>Teleskoplader oder Frontladerschlepper mit Ballenzange \/ Gabel<\/li> <li>mehrere Ballentransportwagen<\/li> <\/ul> <p><img class=\" size-full wp-image-38\" src=\"https:\/\/tms-lohnbetrieb.de\/wp-content\/uploads\/2014\/01\/images_Bilder_DL_Strohtransport.jpg\" alt=\"\" height=\"200\" \/><img class=\" size-full wp-image-39\" src=\"https:\/\/tms-lohnbetrieb.de\/wp-content\/uploads\/2014\/01\/images_Bilder_DL_Strohtransport2.jpg\" alt=\"\" height=\"200\" \/><img class=\" size-full wp-image-7\" src=\"https:\/\/tms-lohnbetrieb.de\/wp-content\/uploads\/2014\/01\/images_Bilder_DL_Strohtransport3.jpg\" alt=\"\" height=\"200\" \/><\/p>","_et_gb_content_width":"","footnotes":""},"class_list":["post-40","page","type-page","status-publish","has-post-thumbnail","hentry"],"_links":{"self":[{"href":"https:\/\/tms-lohnbetrieb.de\/index.php\/wp-json\/wp\/v2\/pages\/40","targetHints":{"allow":["GET"]}}],"collection":[{"href":"https:\/\/tms-lohnbetrieb.de\/index.php\/wp-json\/wp\/v2\/pages"}],"about":[{"href":"https:\/\/tms-lohnbetrieb.de\/index.php\/wp-json\/wp\/v2\/types\/page"}],"author":[{"embeddable":true,"href":"https:\/\/tms-lohnbetrieb.de\/index.php\/wp-json\/wp\/v2\/users\/1"}],"replies":[{"embeddable":true,"href":"https:\/\/tms-lohnbetrieb.de\/index.php\/wp-json\/wp\/v2\/comments?post=40"}],"version-history":[{"count":12,"href":"https:\/\/tms-lohnbetrieb.de\/index.php\/wp-json\/wp\/v2\/pages\/40\/revisions"}],"predecessor-version":[{"id":1349,"href":"https:\/\/tms-lohnbetrieb.de\/index.php\/wp-json\/wp\/v2\/pages\/40\/revisions\/1349"}],"wp:featuredmedia":[{"embeddable":true,"href":"https:\/\/tms-lohnbetrieb.de\/index.php\/wp-json\/wp\/v2\/media\/31"}],"wp:attachment":[{"href":"https:\/\/tms-lohnbetrieb.de\/index.php\/wp-json\/wp\/v2\/media?parent=40"}],"curies":[{"name":"wp","href":"https:\/\/api.w.org\/{rel}","templated":true}]}}